88/63 - (-4)/(-6) is divided by -2*1*(-44)/8.
9
Suppose -8*y = -12*y + 204. What is the remainder when y is divided by 9?
6
Let b = 9 - 5. Suppose 8 = 2*c - 4. Suppose -3*i + 5*m - 10 = c, 2*m - 13 = -i. What is the remainder when b is divided by i?
1
Suppose 0 = 3*j - 5 + 14. Let i be (-69)/2*(-8)/(-6). Calculate the remainder when 6/j - 1 - i is divided by 22.
21
Let q(l) = l**3 - 4*l**2 + 3*l + 2. Let c be q(3). Suppose -33 = -2*a + 3*d, 2*d + 3 = c*a - 27. What is the remainder when 23 + -1*0/(-3) is divided by a?
11
Let m(r) = 17*r**3 - 2*r**2 + 2*r - 1. Let w(q) = q**3 + 3*q**2 + 3*q + 3. Let g be w(-2). Calculate the remainder when 61 is divided by m(g).
13
Suppose 8 = 2*d + 4. Suppose -5*c + 179 = d*q + q, 4*q - 5*c = 192. What is the remainder when q is divided by 14?
11
Let t(z) = z**3 - 6*z**2 + 5*z + 7. What is the remainder when t(5) is divided by 3?
1
Suppose -2*r = -5*x + 169, -x + r + 47 = 5*r. Suppose -4*c + 17 + x = 0. Let g(z) = -z**3 + 6*z**2 + z - 5. Calculate the remainder when g(5) is divided by c.
12
Suppose 0 = -5*g + 66 + 29. What is the remainder when 33 is divided by g?
14
Let n(m) = 2*m**2 - 1. Let l be n(3). Let i = 34 - l. Calculate the remainder when 49 is divided by i.
15
Suppose -n + 9 - 1 = 0. What is the remainder when 14 is divided by n?
6
Suppose 0*z + 5*d + 32 = 3*z, -z - 4*d - 12 = 0. Calculate the remainder when z is divided by 3.
1
Let l be 60/(-14) + 14/49. What is the remainder when 75 is divided by l/(-3)*390/20?
23
Let c(s) = 2*s + 1. Suppose 16 + 4 = 4*f. Calculate the remainder when c(f) is divided by 3.
2
Suppose 3*g = -2*g + 250. Calculate the remainder when g is divided by 13.
11
Let f(i) = 2*i**2 - 16*i - 4. Suppose 5*b - 135 = 2*b + 4*n, -5*b + 2*n = -211. What is the remainder when b is divided by f(9)?
13
Let i(t) = -t**3 + 5*t**2 + 9*t - 6. Let n be i(6). Let z be 45/n + (-1)/(-4). Calculate the remainder when 19 is divided by 27/z - 3/(-12).
5
Let l = -6 + 14. Let g(u) = u**2 - 8*u + 6. What is the remainder when g(l) is divided by 26/8 - 3/(-4)?
2
Suppose 52 = -l + 3*l. Calculate the remainder when 77 is divided by l.
25
Let v(x) = -x**2 - 6*x - 2. Calculate the remainder when v(-2) is divided by 3.
0
Let r = 1 - -4. Let i be (-6)/(-27) + 4/(-18). Suppose -175 = -i*y - r*y. Calculate the remainder when y is divided by 12.
11
Suppose 1 + 2 = 3*t. Let q be 5/(-3)*(-5 - t). Suppose -3*l + l - g + q = 0, -5*g = -l - 6. What is the remainder when 11 is divided by l?
3
Let b(g) = g**2 - 6*g - 9. Let o be b(8). Suppose 4*f - o*f = -171. What is the remainder when f is divided by 12?
9
Let o = -111 - -130. Calculate the remainder when 74 is divided by o.
17
Let u be (-4 + 3)*1*3. Let r(n) = 6*n**2 - 4. What is the remainder when r(u) is divided by (-18)/(-1) - (3 + -2)?
16
Let c = 25 + -22. Calculate the remainder when (c - 5)/2*-21 is divided by 8.
5
Suppose -7*c = -2*c + a - 77, c + 5*a - 1 = 0. Suppose -2*t + c = 2*t. Calculate the remainder when 8/(-6)*9/(-2) is divided by t.
2
Suppose -13 + 37 = 3*h. What is the remainder when 13 is divided by h?
5
Suppose 10*x - 2 = 9*x. Suppose -5*a + 3*k + 246 = 0, -71 = -x*a - 2*k + 37. What is the remainder when a is divided by 18?
15
Let n be (2 - (2 + 0)) + -3. Let j(h) = h**2 - 2*h - 2. What is the remainder when 38 is divided by j(n)?
12
Calculate the remainder when (-2)/(3 + 94/(-30)) is divided by 4.
3
Let i(s) = 57*s**3 - s + 1. Let x be i(1). Let u be 1 + (-3)/(-6)*2. Calculate the remainder when (x/2 - u)*2 is divided by 18.
17
Suppose 3*x - 530 = -263. Calculate the remainder when x is divided by 18.
17
What is the remainder when 33 is divided by 12/((-8)/6 + 2)?
15
Let q(g) = -11*g + 1. Let z be q(-2). Let l = 61 + -51. Calculate the remainder when l is divided by z/7 + (-6)/21.
1
Let q(o) = 5*o. Let g = 33 + -20. What is the remainder when g is divided by q(1)?
3
Let i(j) = 11*j + 1. Calculate the remainder when i(1) is divided by 4.
0
Let i = 4 - 5. Let k = 3 - i. Suppose -k*p - 4 = -12. What is the remainder when 4 is divided by p?
0
Let l(m) = m**3 - 3*m**2 - 6*m + 6. Calculate the remainder when l(5) is divided by 10.
6
Suppose 4*x - 5*c - 55 = 0, 0 = 4*x + 5*c - 17 - 8. What is the remainder when (2 - 2) + (38 - 1) is divided by x?
7
Let s be (-162)/8*(-16)/3. Let h = 206 - s. What is the remainder when h is divided by 25?
23
Suppose -5*x + 5*i = -70, i + 2*i = -3*x + 42. What is the remainder when x is divided by 3?
2
Let x = 7 - 2. Let a = -52 + 16. Calculate the remainder when 24/a*102/(-4) is divided by x.
2
Suppose 640 = -5*y - 4*c - c, 0 = -5*y - c - 632. What is the remainder when 4/3*y/(-12) is divided by 5?
4
Let g(f) = -3*f - 9. Let m be g(-6). Suppose t = -2*t + m. What is the remainder when 7 is divided by t?
1
Suppose 3*u + 2*u - 29 = -j, 3*u + 4*j - 31 = 0. Let b(r) = 17*r**2 - r - 1. What is the remainder when b(-1) is divided by u?
2
Let x(l) = -l + 27. Let b be x(18). Let f(j) = -j**2 + 11*j - 12. Calculate the remainder when 17 is divided by f(b).
5
Let n = 3 - -8. Suppose -2*x + u + 41 = 0, n = -3*x + 5*u + 83. What is the remainder when 37 is divided by x?
18
Suppose -x = -4*x + 6. Suppose w - x*w = -7. Suppose w + 13 = z. What is the remainder when z is divided by 7?
6
Let d = 2 - 0. Suppose -23 = -5*n - 2*r, 4*r = -d*n + 13 + 9. Calculate the remainder when 7 is divided by n.
1
Let o = 327 + -319. Let g = 2 + 18. Calculate the remainder when g is divided by o.
4
Let j(m) = -3*m - 15. Let c be j(-5). Suppose -2*h = -3*t + 36, -5*t + 5*h + 10 + 45 = c. Let w = -41 - -68. What is the remainder when w is divided by t?
13
Suppose 3 = 2*v - 2*f + 19, -2*v = -f + 17. Let c = v - -5. Let o = c - -11. What is the remainder when 12 is divided by o?
5
Suppose v = -0*v + 5*x + 20, 5*x + 10 = 3*v. Let d(t) = -19*t + 2. Let z be d(v). Let c = z - 68. Calculate the remainder when c is divided by 10.
9
Suppose -t + 5 = -19. Let q = 50 - t. What is the remainder when q is divided by (-10)/45 + (-249)/(-27)?
8
Let s(o) = 70*o + 1. Calculate the remainder when s(1) is divided by 19.
14
Suppose -3*j = -9*j + 18. Suppose -5*b - w = -279, -j*b - w - 2*w = -165. Calculate the remainder when b is divided by 29.
27
Suppose 0 = 3*v - v + 6. Calculate the remainder when 39 is divided by 6 + v - (-7 + 0).
9
Suppose -4*x + 60 = 3*l, -5*x + 4*l + 131 = 25. Let o = 4 - 2. Suppose 41 = g - 3*y, -3*g + o*y = -181 + 30. What is the remainder when g is divided by x?
17
Let z = 26 + -36. What is the remainder when 10 is divided by 63/(-35)*z/3?
4
Let g(q) = -4*q**2 - 1. Let w(b) = -b + 1. Let p(s) = -g(s) - 2*w(s). Calculate the remainder when 32 is divided by p(-2).
10
Suppose -3*u + i + 70 = 2*i, -56 = -2*u - 3*i. What is the remainder when u is divided by 13?
9
Let k(w) = 4*w. Let h be ((-3)/(-2))/((-3)/(-2)). Calculate the remainder when 11 is divided by k(h).
3
Let c be (14/(-2))/(2/(-6)). What is the remainder when 61 is divided by -2 + -3 + c/1?
13
Let w = -1 - 0. Let o = -49 - -51. What is the remainder when (w*(-18)/o)/1 is divided by 5?
4
Let o = 12 - -31. What is the remainder when o is divided by 22?
21
Let z = 32 + -18. Let p = 26 - z. Let r(y) = y**3 + 6*y**2 - 6*y - 2. Calculate the remainder when r(-6) is divided by p.
10
Let d be (-18)/(-12) - 682/4. Let z = -119 - d. Let h = -14 + 31. What is the remainder when z is divided by h?
16
Let s(k) = -2*k - 8. Calculate the remainder when s(-5) is divided by 1.
0
Let g = 35 - 21. Calculate the remainder when 40 is divided by g.
12
Let d = 8 - 17. What is the remainder when 58 is divided by 120/d*6/(-4)?
18
Let o(d) = -3*d**3 + 2*d**2 - d + 1. Let m = -20 - -18. Calculate the remainder when o(m) is divided by 12.
11
Suppose 5*c - 186 = 3*c. What is the remainder when c is divided by 24?
21
Let k be 2*(-1 - -2)*1. Suppose -2 = -k*q, -2*n - 2*q + 7 = 3*q. Suppose -u + 4*s = n - 3, -47 = -u - 5*s. Calculate the remainder when u is divided by 8.
6
Suppose 0 = -7*t + 234 + 18. Calculate the remainder when t is divided by 10.
6
Let z = 37 - 20. Calculate the remainder when 101 is divided by z.
16
Calculate the remainder when 102 is divided by -1 + (2 - 25/(-1)).
24
Let k(z) = -z + 1. What is the remainder when 23 is divided by k(-7)?
7
Suppose -k - 2*n = k - 62, k = n + 21. Calculate the r